{"id":1123,"date":"2020-11-03T01:07:40","date_gmt":"2020-11-03T01:07:40","guid":{"rendered":"http:\/\/aureorpg.com\/?page_id=1123"},"modified":"2022-06-29T17:36:17","modified_gmt":"2022-06-29T17:36:17","slug":"dones-divinos","status":"publish","type":"page","link":"http:\/\/aureorpg.com\/?page_id=1123","title":{"rendered":"Dones Divinos"},"content":{"rendered":"\t\t<div data-elementor-type=\"wp-page\" data-elementor-id=\"1123\" class=\"elementor elementor-1123\" data-elementor-settings=\"[]\">\n\t\t\t\t\t\t<div class=\"elementor-inner\">\n\t\t\t\t\t\t\t<div class=\"elementor-section-wrap\">\n\t\t\t\t\t\t\t<section class=\"elementor-section elementor-top-section elementor-element elementor-element-5ed63ed elementor-section-full_width elementor-section-height-full elementor-section-height-default elementor-section-items-middle\" data-id=\"5ed63ed\" data-element_type=\"section\" data-settings=\"{&quot;background_background&quot;:&quot;gradient&quot;}\">\n\t\t\t\t\t\t<div class=\"elementor-container elementor-column-gap-default\">\n\t\t\t\t\t\t\t<div class=\"elementor-row\">\n\t\t\t\t\t<div class=\"elementor-column elementor-col-100 elementor-top-column elementor-element elementor-element-ed62493\" data-id=\"ed62493\" data-element_type=\"column\">\n\t\t\t<div class=\"elementor-column-wrap elementor-element-populated\">\n\t\t\t\t\t\t\t<div class=\"elementor-widget-wrap\">\n\t\t\t\t\t\t<div class=\"elementor-element elementor-element-b39f5e5 elementor-widget elementor-widget-image\" data-id=\"b39f5e5\" data-element_type=\"widget\" data-widget_type=\"image.default\">\n\t\t\t\t<div class=\"elementor-widget-container\">\n\t\t\t\t\t<div class=\"elementor-image\">\n\t\t\t\t\t\t\t\t\t\t<img width=\"1024\" height=\"559\" src=\"http:\/\/aureorpg.com\/wp-content\/uploads\/2020\/11\/Aureo-Juego-de-rol-mitologia-griega-Dones-y-maldiciones-1024x559.jpg\" class=\"attachment-large size-large\" alt=\"\" loading=\"lazy\" srcset=\"http:\/\/aureorpg.com\/wp-content\/uploads\/2020\/11\/Aureo-Juego-de-rol-mitologia-griega-Dones-y-maldiciones-1024x559.jpg 1024w, http:\/\/aureorpg.com\/wp-content\/uploads\/2020\/11\/Aureo-Juego-de-rol-mitologia-griega-Dones-y-maldiciones-300x164.jpg 300w, http:\/\/aureorpg.com\/wp-content\/uploads\/2020\/11\/Aureo-Juego-de-rol-mitologia-griega-Dones-y-maldiciones-768x419.jpg 768w, http:\/\/aureorpg.com\/wp-content\/uploads\/2020\/11\/Aureo-Juego-de-rol-mitologia-griega-Dones-y-maldiciones.jpg 1100w\" sizes=\"(max-width: 1024px) 100vw, 1024px\" \/>\t\t\t\t\t\t\t\t\t\t\t<\/div>\n\t\t\t\t<\/div>\n\t\t\t\t<\/div>\n\t\t\t\t\t\t<\/div>\n\t\t\t\t\t<\/div>\n\t\t<\/div>\n\t\t\t\t\t\t\t\t<\/div>\n\t\t\t\t\t<\/div>\n\t\t<\/section>\n\t\t\t\t<section class=\"elementor-section elementor-top-section elementor-element elementor-element-bf0ad6b elementor-section-boxed elementor-section-height-default elementor-section-height-default\" data-id=\"bf0ad6b\" data-element_type=\"section\">\n\t\t\t\t\t\t<div class=\"elementor-container elementor-column-gap-default\">\n\t\t\t\t\t\t\t<div class=\"elementor-row\">\n\t\t\t\t\t<div class=\"elementor-column elementor-col-100 elementor-top-column elementor-element elementor-element-2c76aed\" data-id=\"2c76aed\" data-element_type=\"column\">\n\t\t\t<div class=\"elementor-column-wrap elementor-element-populated\">\n\t\t\t\t\t\t\t<div class=\"elementor-widget-wrap\">\n\t\t\t\t\t\t<div class=\"elementor-element elementor-element-5efffb9 elementor-widget elementor-widget-heading\" data-id=\"5efffb9\" data-element_type=\"widget\" data-widget_type=\"heading.default\">\n\t\t\t\t<div class=\"elementor-widget-container\">\n\t\t\t<h2 class=\"elementor-heading-title elementor-size-default\">Dones Divinos<\/h2>\t\t<\/div>\n\t\t\t\t<\/div>\n\t\t\t\t\t\t<\/div>\n\t\t\t\t\t<\/div>\n\t\t<\/div>\n\t\t\t\t\t\t\t\t<\/div>\n\t\t\t\t\t<\/div>\n\t\t<\/section>\n\t\t\t\t<section class=\"elementor-section elementor-top-section elementor-element elementor-element-084aaed elementor-section-boxed elementor-section-height-default elementor-section-height-default\" data-id=\"084aaed\" data-element_type=\"section\">\n\t\t\t\t\t\t<div class=\"elementor-container elementor-column-gap-default\">\n\t\t\t\t\t\t\t<div class=\"elementor-row\">\n\t\t\t\t\t<div class=\"elementor-column elementor-col-100 elementor-top-column elementor-element elementor-element-e7c6917\" data-id=\"e7c6917\" data-element_type=\"column\">\n\t\t\t<div class=\"elementor-column-wrap elementor-element-populated\">\n\t\t\t\t\t\t\t<div class=\"elementor-widget-wrap\">\n\t\t\t\t\t\t<div class=\"elementor-element elementor-element-3ee7d1a elementor-widget elementor-widget-text-editor\" data-id=\"3ee7d1a\" data-element_type=\"widget\" data-widget_type=\"text-editor.default\">\n\t\t\t\t<div class=\"elementor-widget-container\">\n\t\t\t\t\t<div class=\"elementor-text-editor elementor-clearfix\"><p>Junto con el \u00c1ureo, los Dones Divinos son lo que diferencian a los h\u00e9roes del resto de los mortales. Pose\u00eddos por los dioses, son los rasgos que hacen a los inmortales sobrehumanos y distinguen a sus hijos, a simple vista, de aquellos que no han sido tocados por el Olimpo. Estos son algunos ejemplos de los muchos Dones Divinos que pueden tener los h\u00e9roes y los dioses:<\/p>\n<h5><strong>Daimon protector <sup>-5PX<\/sup>&nbsp;&nbsp; <\/strong><\/h5>\n<p><em>Descripci\u00f3n: Un poderoso esp\u00edritu benigno te acompa\u00f1a a todas partes y te protege en cada momento de tu vida. Probablemente sea un antepasado heroico que ascendi\u00f3 a un estado de semi-divinidad como recompensa a una vida llena de honor y gloria y ahora protege a los suyos. Aunque no puedas comunicarte con \u00e9l de forma normal eres consciente de est\u00e1 ah\u00ed.<\/em> | Reglas: +1 Defensa Pasiva y Activa. +1 Percibir cuando traten de tenderte una trampa, una emboscada, acecharte o pillarte por sorpresa. +1 a las Acciones Especiales cuando sean para evitar las acciones negativas de un Rezo o Don. +1 Suerte cuando la tirada sea para evitar un mal. &nbsp;<\/p>\n<h5><strong>La lengua de las criaturas <sup>-10PX<\/sup>&nbsp;&nbsp;&nbsp;&nbsp;&nbsp;&nbsp;&nbsp;&nbsp; <\/strong><\/h5>\n<p><em>Descripci\u00f3n: Los dioses te han bendecido con la extra\u00f1a Habilidad de comunicarte verbalmente con los animales. Esto produce que las criaturas sientan curiosidad hacia ti y que les despiertes cierta simpat\u00eda.<\/em> | Reglas: Puedes entender y ser entendido por cualquier criatura no humana (ya tenga \u00c1ureo o no): insectos, mam\u00edferos, aves, reptiles, anfibios, peces\u2026 Las posibilidades de comunicarse con una criatura est\u00e1n limitadas por los puntos que tengan los dos interlocutores en COM y MEN: si un animal es est\u00fapido (MEN 1) solo podr\u00e1 hablar de cosas como comida, lucha y sexo\u2026 si un animal no es muy comunicativo (COM 1) solo podr\u00e1 hablar con monos\u00edlabos: \u201csi\u201d, \u201cno\u201d, \u201cmalo\u201d &#8230; +3 Zoolog\u00eda +2 Liderazgo cuando hablas con animales y criaturas. +1 Acci\u00f3n Mental y Especial en todos los Rezos relacionados con animales o criaturas (es decir, cuyo objetivo sea controlar a un animal, convertirse en un animal, ver a trav\u00e9s de los ojos de un animal, invocar a un animal&#8230; En caso de duda, el Demiurgo decidir\u00e1 si obtienes el bonus o no).<\/p>\n<h5><strong>Sangre de Gigante <sup>-10PX<\/sup><\/strong><\/h5>\n<p><em>Descripci\u00f3n: Eres mucho m\u00e1s alto que un humano normal: tu estatura es de 4 codos (unos 2 metros). Esto hace que sea m\u00e1s dif\u00edcil vencerte en la batalla, y tu tama\u00f1o intimida a tus adversarios. <\/em>| Reglas: Aumenta 5 Puntos de Vida (como el resto de los personajes, no tendr\u00e1s malus por heridas hasta que no bajes de 15 Puntos de Vida). +1&nbsp; Da\u00f1o Inicial cuando pelees cuerpo a cuerpo. El personaje tiene Tama\u00f1o 5 (los personajes normales tienen Tama\u00f1o 4). Esto influye en algunos aspectos de tu vida, como se explica en las reglas de diferencia de tama\u00f1o: -2 Sigilo cuando trates de esconderte o para emboscar. +1 Pelea [Lucha] cuando te enfrentes a alguien de menor tama\u00f1o que t\u00fa. Otros personajes de menor tama\u00f1o que t\u00fa tendr\u00e1n -1 Pelea [Lucha] cuando se enfrenten a ti. +1 Intimidar cuando trates de intimidar a cualquier personaje que sea de menor tama\u00f1o que t\u00fa. Tienes problemas para encontrar ropas y armaduras de tu taya; solo las encontrar\u00e1s en las grandes polis. En otros lugares te las tendr\u00e1n que hacer a medida y tardar\u00e1n un tiempo. En cualquier caso, tendr\u00e1s que pagar un precio especial: Aumenta 1 nivel de Precio.<\/p>\n<h5><strong>Precognici\u00f3n <sup>-10PX<\/sup><\/strong><\/h5>\n<p><em>Descripci\u00f3n: Este Don, pose\u00eddo por todos los verdaderos or\u00e1culos, te permite utilizar tu sexto sentido como si fueran los otros cinco para evitar situaciones de peligro, percibiendo el peligro inminente de una forma sobrenatural.<\/em> | Reglas: Cuando te enfrentes a un peligro que por su naturaleza sea indetectable, o falles una tirada de SEN+Percibir para evitar un peligro inminente (darte cuenta de que un asesino te est\u00e1 siguiendo, beber de una copa envenenada, o entrar en un callej\u00f3n d\u00f3nde te esperan unos ladrones con malas intenciones), puedes tirar inmediatamente despu\u00e9s SEN+Intuir. Si superas la tirada (independientemente del efecto obtenido por tu atacante; esto no es una tirada enfrentada) te dar\u00e1s cuenta de que vas a ser la v\u00edctima inminente de un ataque y podr\u00e1s actuar en consecuencia tirando la copa envenenada o dando la vuelta a tiempo de entrar en un lugar peligroso.<\/p>\n<h5><strong>Manos sanadoras<\/strong> <strong><sup>-15PX<\/sup><\/strong>&nbsp;&nbsp;<\/h5>\n<p><em>Descripci\u00f3n: Tus manos han sido bendecidas con incre\u00edbles poderes de curaci\u00f3n; muchos cirujanos dar\u00edan una de sus manos por tener en la otra los mismos poderes que t\u00fa.<\/em> | Reglas: +2 Medicina cuando intentes curar a una persona y la toques con tus manos. Cuando una persona est\u00e9 perdiendo sangre por culpa de una Herida Cr\u00edtica, puedes parar la hemorragia toc\u00e1ndola con tus manos. Despu\u00e9s de 5 minutos tocando la herida dejar\u00e1 de sangrar. Mientras est\u00e9s tocando a una persona con tus manos, puedes gastar un punto de \u00c1ureo para curar 5 Puntos de Vida autom\u00e1ticamente o para eliminar el efecto de una Herida Cr\u00edtica de menos de nivel 3. Tras dar un masaje de media hora a un personaje, \u00e9ste ignorar\u00e1 un -1mg durante 24 horas y mientras dure la cura&nbsp; recuperar\u00e1 Puntos de Agotamiento al doble de la velocidad que lo har\u00eda si estuviera durmiendo. Adem\u00e1s, este masaje puede suplir el efecto de muchas plantas medicinales, como las que se utilizan como complementarias a terapias m\u00e9dicas (para paliar fiebres, reuma, dolor derivado por unas heridas de guerra\u2026). Utilizar este poder gasta -2PA.<\/p>\n<h5><strong>Huesos de Bronce <sup>-20PX<\/sup>&nbsp; <\/strong><\/h5>\n<p><em>Descripci\u00f3n: Tus huesos est\u00e1n compuestos en parte por bronce, lo que te hace ser m\u00e1s resistente, aunque bastante m\u00e1s pesado. La alta concentraci\u00f3n de este metal en tu cuerpo hace que tu piel, tus ojos, y tu cabello, tengan reflejos de color ocre, y tambi\u00e9n tengan parte de esta sustancia. La leyenda dice que los que est\u00e1n bendecidos por este Don tiene la misi\u00f3n de mantener a raya a los seguidores de Cronos, por lo que los sacerdotes de los dioses Ol\u00edmpicos te tratan con cierto respeto. | <\/em>Reglas: +3 Armadura. Todos los ataques que impacten contra el personaje tendr\u00e1n un -3 NC (Nivel del Cr\u00edtico). +1 Da\u00f1o Inicial cuando realices un ataque de FUE+Pelea. -1 Iniciativa. -2 Movimiento. +1 APA y COM cuando te relaciones con sacerdotes de dioses Ol\u00edmpicos. No puedes sufrir las consecuencias de Heridas Cr\u00edticas o de efectos negativos que impliquen la rotura, fractura o desmembraci\u00f3n de huesos, pero s\u00ed sufrir\u00e1s el resto de las consecuencias negativas propias de estas Heridas Cr\u00edticas. Todos los seguidores de Cronos son m\u00e1s o menos al\u00e9rgicos al bronce, y tu piel les har\u00e1 reaccionar seg\u00fan su grado de corrupci\u00f3n. Pesas 50 Minas (Kg) m\u00e1s de lo que lo har\u00edas normalmente. Las superficies poco resistentes (como un puente de madera podrida, un embarcaci\u00f3n peque\u00f1a\u2026) pueden romperse si no tienes cuidado y no superas una tirada de Suerte. Cualquier armadura que te haga reducir 1 PA te har\u00e1 reducir otro 1 PA.<\/p>\n<h5><strong>Tel\u00e9pata <sup>-25PX<\/sup>&nbsp;&nbsp;&nbsp;&nbsp;&nbsp;&nbsp;&nbsp; <\/strong><\/h5>\n<p><em>Descripci\u00f3n: Los dioses te han bendecido con la extra\u00f1a capacidad de poder leer las mentes de aquellos que te rodean, siempre que seas capaz de mantener la concentraci\u00f3n y de vencer las barreras mentales de tus adversarios. | <\/em>Reglas: Puedes establecer una conexi\u00f3n telep\u00e1tica con 1 \u00fanico personaje que est\u00e9 en un \u00c1rea de 20 pasos que dure 1 Escena. Para establecer una conexi\u00f3n mental&nbsp; debes pasar todo un Turno concentr\u00e1ndote. Luego tendr\u00e1s que hacer una tirada enfrentada en la que el tel\u00e9pata har\u00e1 una Acci\u00f3n Mental SEN+Empat\u00eda [Deseos] +\u00c1ureo (+2 si el tel\u00e9pata coloca la palma de su mano sobre la frente de su v\u00edctima) y su v\u00edctima se intentar\u00e1 resistir con una Acci\u00f3n Especial MEN+Templanza [Introspecci\u00f3n] + \u00c1ureo. Consume -3 Puntos de Agotamiento. Cuando estableces esta conexi\u00f3n: \u2022 puedes leer la mente del personaje (por lo normal pensar\u00e1 en el amor, el sexo, el dinero, si tiene que hacer algo importante, si algo le estresa o le agobia\u2026 quedar\u00e1 a descripci\u00f3n del Demiurgo y ser\u00e1 en funci\u00f3n de sus Dones y Maldiciones). \u2022 Si entablas una conversaci\u00f3n con el PJ, sabr\u00e1s que opina de ti (si conf\u00eda en ti, sospecha, te teme\u2026). \u2022 Si le preguntas algo directamente, pensar\u00e1 en la respuesta y podr\u00e1s saber lo que \u00e9l sabe sobre ese tema. \u2022 Tienes un +2 a cualquier Acci\u00f3n Ofensiva o Defensiva que hagas en una tirada enfrentada contra esa persona. \u2022 Nada de lo que haga ese PJ puede pillarte por sorpresa. \u2022 Si gastas 1 Punto de \u00c1ureo podr\u00e1s hablar con el mentalmente durante 1 Escena sin necesidad de abrir la boca y con total discreci\u00f3n (si dos PJs son tel\u00e9patas, podr\u00e1n hablar entre ellos mentalmente sin gastar \u00c1ureo). | Condiciones: No funciona con criaturas (a menos que tengas el Don \u2018hablar la lengua de las criaturas\u2019). Para utilizarlo con Extranjeros limita la Habilidad de Empat\u00eda con la Habilidad de Idiomas.<\/p>\n<h5><strong>Mega-Fuerza&nbsp;<sup>-30PX<\/sup>&nbsp;&nbsp;&nbsp;&nbsp; <\/strong><\/h5>\n<p><em>Descripci\u00f3n: Tienes una fuerza sobrenatural que te permitir\u00e1 realizar proezas que sorprender\u00e1n incluso a los dioses. No existe nada hecho por los hombres que no puedas doblar con tus manos y si no controlas un poco t\u00fa fuerza, cualquier cosa que cojas puede ser destruido. | <\/em>Reglas: Aumenta FUE de Nivel 5 a Nivel 6. +1 Da\u00f1o Inicial. +2 nivel del Cr\u00edtico para todos los ataques de Armas CC y Pelea. Reduce en 2 la Dificultad del Cr\u00edtico para todos los ataques de Armas CC y Pelea. Siempre que uno de tus golpes impactes contra alguien, ya sea contra un escudo o una armadura, causas Da\u00f1o M\u00ednimo de forma autom\u00e1tica. Puedes manejar armas pesadas y armas a dos manos con una sola mano sin penalizadores. Puedes utilizar armas tu solo que normalmente necesitar\u00edan ser usadas por un grupo de hombres, como un ariete. | Condiciones: FUE 5.<\/p>\n<h5><strong>Mega-Comunicaci\u00f3n&nbsp;<sup>-30PX<\/sup><\/strong><\/h5>\n<p><em>Descripci\u00f3n: tu lengua es afilada como una espada, y cuando abras la boca, hasta los dioses callar\u00e1n para ver que tienes que decirles. | <\/em>Reglas: Aumenta COM de Nivel 5 a Nivel 6. Cuando el personaje quiera, puede utilizar \u2018La Voz de los Dioses\u2019. Este poder permite al personaje modular su voz de forma que suene sobrenaturalmente convincente. A trav\u00e9s de este poder, el personaje podr\u00e1 convencer de forma instant\u00e1nea a una persona que haga algo, siempre y cuando la orden no vaya contra la naturaleza y la conducta normal del personaje. El personaje v\u00edctima de este poder estar\u00e1 persuadido durante una Escena. Cada vez que se intente utilizar este poder sobre una persona tendr\u00e1 un gasto de -3PAs (tanto si finalmente funciona, como si no). Este poder solo funciona con personas individuales: si se quiere utilizar contra un grupo de personas o una multitud, habr\u00e1 que gastar 1 Punto de \u00c1ureo (aparte de los 3PAs). Este poder no funciona con animales o criaturas, a menos que se convine con otros Dones o Rezos que sirvan para comunicarse o dar \u00f3rdenes a esas criaturas de forma concreta (como `La lengua de las criaturas, portar el caduceo o controlar criatura marina). | Condiciones: COM 5.<\/p>\n<p><strong>&nbsp;<\/strong><\/p><\/div>\n\t\t\t\t<\/div>\n\t\t\t\t<\/div>\n\t\t\t\t\t\t<\/div>\n\t\t\t\t\t<\/div>\n\t\t<\/div>\n\t\t\t\t\t\t\t\t<\/div>\n\t\t\t\t\t<\/div>\n\t\t<\/section>\n\t\t\t\t<section class=\"elementor-section elementor-top-section elementor-element elementor-element-5b480c4 elementor-section-full_width elementor-section-height-default elementor-section-height-default\" data-id=\"5b480c4\" data-element_type=\"section\" data-settings=\"{&quot;background_background&quot;:&quot;slideshow&quot;,&quot;background_slideshow_gallery&quot;:[{&quot;id&quot;:1294,&quot;url&quot;:&quot;http:\\\/\\\/aureorpg.com\\\/wp-content\\\/uploads\\\/2022\\\/06\\\/Anadir-un-subtitulo.jpg&quot;}],&quot;background_slideshow_loop&quot;:&quot;yes&quot;,&quot;background_slideshow_slide_duration&quot;:5000,&quot;background_slideshow_slide_transition&quot;:&quot;fade&quot;,&quot;background_slideshow_transition_duration&quot;:500}\">\n\t\t\t\t\t\t<div class=\"elementor-container elementor-column-gap-default\">\n\t\t\t\t\t\t\t<div class=\"elementor-row\">\n\t\t\t\t\t<div class=\"elementor-column elementor-col-33 elementor-top-column elementor-element elementor-element-7a2d68c\" data-id=\"7a2d68c\" data-element_type=\"column\">\n\t\t\t<div class=\"elementor-column-wrap elementor-element-populated\">\n\t\t\t\t\t\t\t<div class=\"elementor-widget-wrap\">\n\t\t\t\t\t\t<div class=\"elementor-element elementor-element-6875569 elementor-align-left elementor-widget elementor-widget-button\" data-id=\"6875569\" data-element_type=\"widget\" data-widget_type=\"button.default\">\n\t\t\t\t<div class=\"elementor-widget-container\">\n\t\t\t\t\t<div class=\"elementor-button-wrapper\">\n\t\t\t<a href=\"http:\/\/aureorpg.com\/?page_id=1176\" class=\"elementor-button-link elementor-button elementor-size-sm\" role=\"button\">\n\t\t\t\t\t\t<span class=\"elementor-button-content-wrapper\">\n\t\t\t\t\t\t<span class=\"elementor-button-text\">Accede a nuestra zona gratuita de descargas<\/span>\n\t\t<\/span>\n\t\t\t\t\t<\/a>\n\t\t<\/div>\n\t\t\t\t<\/div>\n\t\t\t\t<\/div>\n\t\t\t\t\t\t<\/div>\n\t\t\t\t\t<\/div>\n\t\t<\/div>\n\t\t\t\t<div class=\"elementor-column elementor-col-66 elementor-top-column elementor-element elementor-element-9a2c631\" data-id=\"9a2c631\" data-element_type=\"column\">\n\t\t\t<div class=\"elementor-column-wrap\">\n\t\t\t\t\t\t\t<div class=\"elementor-widget-wrap\">\n\t\t\t\t\t\t\t\t<\/div>\n\t\t\t\t\t<\/div>\n\t\t<\/div>\n\t\t\t\t\t\t\t\t<\/div>\n\t\t\t\t\t<\/div>\n\t\t<\/section>\n\t\t\t\t\t\t<\/div>\n\t\t\t\t\t\t<\/div>\n\t\t\t\t\t<\/div>\n\t\t","protected":false},"excerpt":{"rendered":"<p>Dones Divinos Junto con el \u00c1ureo, los Dones Divinos son lo que diferencian a los h\u00e9roes del resto de los mortales. Pose\u00eddos por los dioses, son los rasgos que hacen a los inmortales sobrehumanos y distinguen a sus hijos, a simple vista, de aquellos que no han sido tocados por el Olimpo. Estos son algunos &hellip;<\/p>\n<p class=\"read-more\"> <a class=\"\" href=\"http:\/\/aureorpg.com\/?page_id=1123\"> <span class=\"screen-reader-text\">Dones Divinos<\/span> Read More &raquo;<\/a><\/p>\n","protected":false},"author":1,"featured_media":0,"parent":0,"menu_order":0,"comment_status":"closed","ping_status":"closed","template":"","meta":[],"yoast_head":"<!-- This site is optimized with the Yoast SEO plugin v15.1.1 - https:\/\/yoast.com\/wordpress\/plugins\/seo\/ -->\n<title>Dones Divinos - aureorpg.com<\/title>\n<meta name=\"robots\" content=\"index, follow, max-snippet:-1, max-image-preview:large, max-video-preview:-1\" \/>\n<link rel=\"canonical\" href=\"http:\/\/aureorpg.com\/?page_id=1123\" \/>\n<meta property=\"og:locale\" content=\"en_US\" \/>\n<meta property=\"og:type\" content=\"article\" \/>\n<meta property=\"og:title\" content=\"Dones Divinos - aureorpg.com\" \/>\n<meta property=\"og:description\" content=\"Dones Divinos Junto con el \u00c1ureo, los Dones Divinos son lo que diferencian a los h\u00e9roes del resto de los mortales. Pose\u00eddos por los dioses, son los rasgos que hacen a los inmortales sobrehumanos y distinguen a sus hijos, a simple vista, de aquellos que no han sido tocados por el Olimpo. Estos son algunos &hellip; Dones Divinos Read More &raquo;\" \/>\n<meta property=\"og:url\" content=\"http:\/\/aureorpg.com\/?page_id=1123\" \/>\n<meta property=\"og:site_name\" content=\"aureorpg.com\" \/>\n<meta property=\"article:modified_time\" content=\"2022-06-29T17:36:17+00:00\" \/>\n<meta property=\"og:image\" content=\"http:\/\/aureorpg.com\/wp-content\/uploads\/2020\/11\/Aureo-Juego-de-rol-mitologia-griega-Dones-y-maldiciones-1024x559.jpg\" \/>\n<meta name=\"twitter:card\" content=\"summary_large_image\" \/>\n<script type=\"application\/ld+json\" class=\"yoast-schema-graph\">{\"@context\":\"https:\/\/schema.org\",\"@graph\":[{\"@type\":\"WebSite\",\"@id\":\"http:\/\/aureorpg.com\/#website\",\"url\":\"http:\/\/aureorpg.com\/\",\"name\":\"aureorpg.com\",\"description\":\"Juego de rol de mitolog\\u00eda\",\"potentialAction\":[{\"@type\":\"SearchAction\",\"target\":\"http:\/\/aureorpg.com\/?s={search_term_string}\",\"query-input\":\"required name=search_term_string\"}],\"inLanguage\":\"en-US\"},{\"@type\":\"ImageObject\",\"@id\":\"http:\/\/aureorpg.com\/?page_id=1123#primaryimage\",\"inLanguage\":\"en-US\",\"url\":\"http:\/\/aureorpg.com\/wp-content\/uploads\/2020\/11\/Aureo-Juego-de-rol-mitologia-griega-Dones-y-maldiciones.jpg\",\"width\":1100,\"height\":600},{\"@type\":\"WebPage\",\"@id\":\"http:\/\/aureorpg.com\/?page_id=1123#webpage\",\"url\":\"http:\/\/aureorpg.com\/?page_id=1123\",\"name\":\"Dones Divinos - aureorpg.com\",\"isPartOf\":{\"@id\":\"http:\/\/aureorpg.com\/#website\"},\"primaryImageOfPage\":{\"@id\":\"http:\/\/aureorpg.com\/?page_id=1123#primaryimage\"},\"datePublished\":\"2020-11-03T01:07:40+00:00\",\"dateModified\":\"2022-06-29T17:36:17+00:00\",\"inLanguage\":\"en-US\",\"potentialAction\":[{\"@type\":\"ReadAction\",\"target\":[\"http:\/\/aureorpg.com\/?page_id=1123\"]}]}]}<\/script>\n<!-- \/ Yoast SEO plugin. -->","_links":{"self":[{"href":"http:\/\/aureorpg.com\/index.php?rest_route=\/wp\/v2\/pages\/1123"}],"collection":[{"href":"http:\/\/aureorpg.com\/index.php?rest_route=\/wp\/v2\/pages"}],"about":[{"href":"http:\/\/aureorpg.com\/index.php?rest_route=\/wp\/v2\/types\/page"}],"author":[{"embeddable":true,"href":"http:\/\/aureorpg.com\/index.php?rest_route=\/wp\/v2\/users\/1"}],"replies":[{"embeddable":true,"href":"http:\/\/aureorpg.com\/index.php?rest_route=%2Fwp%2Fv2%2Fcomments&post=1123"}],"version-history":[{"count":9,"href":"http:\/\/aureorpg.com\/index.php?rest_route=\/wp\/v2\/pages\/1123\/revisions"}],"predecessor-version":[{"id":1364,"href":"http:\/\/aureorpg.com\/index.php?rest_route=\/wp\/v2\/pages\/1123\/revisions\/1364"}],"wp:attachment":[{"href":"http:\/\/aureorpg.com\/index.php?rest_route=%2Fwp%2Fv2%2Fmedia&parent=1123"}],"curies":[{"name":"wp","href":"https:\/\/api.w.org\/{rel}","templated":true}]}}