{"id":765,"date":"2020-10-23T11:47:11","date_gmt":"2020-10-23T11:47:11","guid":{"rendered":"http:\/\/aureorpg.com\/?page_id=765"},"modified":"2022-06-29T17:32:19","modified_gmt":"2022-06-29T17:32:19","slug":"apolo","status":"publish","type":"page","link":"http:\/\/aureorpg.com\/?page_id=765","title":{"rendered":"Apolo"},"content":{"rendered":"\t\t<div data-elementor-type=\"wp-page\" data-elementor-id=\"765\" class=\"elementor elementor-765\" data-elementor-settings=\"[]\">\n\t\t\t\t\t\t<div class=\"elementor-inner\">\n\t\t\t\t\t\t\t<div class=\"elementor-section-wrap\">\n\t\t\t\t\t\t\t<section class=\"elementor-section elementor-top-section elementor-element elementor-element-b7bfdad elementor-section-boxed elementor-section-height-default elementor-section-height-default\" data-id=\"b7bfdad\" data-element_type=\"section\" data-settings=\"{&quot;background_background&quot;:&quot;gradient&quot;}\">\n\t\t\t\t\t\t<div class=\"elementor-container elementor-column-gap-default\">\n\t\t\t\t\t\t\t<div class=\"elementor-row\">\n\t\t\t\t\t<div class=\"elementor-column elementor-col-100 elementor-top-column elementor-element elementor-element-5a7b29f\" data-id=\"5a7b29f\" data-element_type=\"column\">\n\t\t\t<div class=\"elementor-column-wrap elementor-element-populated\">\n\t\t\t\t\t\t\t<div class=\"elementor-widget-wrap\">\n\t\t\t\t\t\t<div class=\"elementor-element elementor-element-68b8dc6 elementor-widget elementor-widget-image\" data-id=\"68b8dc6\" data-element_type=\"widget\" data-widget_type=\"image.default\">\n\t\t\t\t<div class=\"elementor-widget-container\">\n\t\t\t\t\t<div class=\"elementor-image\">\n\t\t\t\t\t\t\t\t\t\t<img width=\"1024\" height=\"559\" src=\"http:\/\/aureorpg.com\/wp-content\/uploads\/2020\/10\/Aureo-Juego-de-rol-mitologia-griega-Apolo-1024x559.jpg\" class=\"attachment-large size-large\" alt=\"\" loading=\"lazy\" srcset=\"http:\/\/aureorpg.com\/wp-content\/uploads\/2020\/10\/Aureo-Juego-de-rol-mitologia-griega-Apolo-1024x559.jpg 1024w, http:\/\/aureorpg.com\/wp-content\/uploads\/2020\/10\/Aureo-Juego-de-rol-mitologia-griega-Apolo-300x164.jpg 300w, http:\/\/aureorpg.com\/wp-content\/uploads\/2020\/10\/Aureo-Juego-de-rol-mitologia-griega-Apolo-768x419.jpg 768w, http:\/\/aureorpg.com\/wp-content\/uploads\/2020\/10\/Aureo-Juego-de-rol-mitologia-griega-Apolo.jpg 1100w\" sizes=\"(max-width: 1024px) 100vw, 1024px\" \/>\t\t\t\t\t\t\t\t\t\t\t<\/div>\n\t\t\t\t<\/div>\n\t\t\t\t<\/div>\n\t\t\t\t\t\t<\/div>\n\t\t\t\t\t<\/div>\n\t\t<\/div>\n\t\t\t\t\t\t\t\t<\/div>\n\t\t\t\t\t<\/div>\n\t\t<\/section>\n\t\t\t\t<section class=\"elementor-section elementor-top-section elementor-element elementor-element-bf0ad6b elementor-section-boxed elementor-section-height-default elementor-section-height-default\" data-id=\"bf0ad6b\" data-element_type=\"section\">\n\t\t\t\t\t\t<div class=\"elementor-container elementor-column-gap-default\">\n\t\t\t\t\t\t\t<div class=\"elementor-row\">\n\t\t\t\t\t<div class=\"elementor-column elementor-col-100 elementor-top-column elementor-element elementor-element-2c76aed\" data-id=\"2c76aed\" data-element_type=\"column\">\n\t\t\t<div class=\"elementor-column-wrap elementor-element-populated\">\n\t\t\t\t\t\t\t<div class=\"elementor-widget-wrap\">\n\t\t\t\t\t\t<div class=\"elementor-element elementor-element-5efffb9 elementor-widget elementor-widget-heading\" data-id=\"5efffb9\" data-element_type=\"widget\" data-widget_type=\"heading.default\">\n\t\t\t\t<div class=\"elementor-widget-container\">\n\t\t\t<h2 class=\"elementor-heading-title elementor-size-default\">Culto a Apolo: 'El que hiere de lejos'<\/h2>\t\t<\/div>\n\t\t\t\t<\/div>\n\t\t\t\t\t\t<\/div>\n\t\t\t\t\t<\/div>\n\t\t<\/div>\n\t\t\t\t\t\t\t\t<\/div>\n\t\t\t\t\t<\/div>\n\t\t<\/section>\n\t\t\t\t<section class=\"elementor-section elementor-top-section elementor-element elementor-element-084aaed elementor-section-boxed elementor-section-height-default elementor-section-height-default\" data-id=\"084aaed\" data-element_type=\"section\">\n\t\t\t\t\t\t<div class=\"elementor-container elementor-column-gap-default\">\n\t\t\t\t\t\t\t<div class=\"elementor-row\">\n\t\t\t\t\t<div class=\"elementor-column elementor-col-100 elementor-top-column elementor-element elementor-element-e7c6917\" data-id=\"e7c6917\" data-element_type=\"column\">\n\t\t\t<div class=\"elementor-column-wrap elementor-element-populated\">\n\t\t\t\t\t\t\t<div class=\"elementor-widget-wrap\">\n\t\t\t\t\t\t<div class=\"elementor-element elementor-element-3ee7d1a elementor-widget elementor-widget-text-editor\" data-id=\"3ee7d1a\" data-element_type=\"widget\" data-widget_type=\"text-editor.default\">\n\t\t\t\t<div class=\"elementor-widget-container\">\n\t\t\t\t\t<div class=\"elementor-text-editor elementor-clearfix\"><h3>Historia de Apolo<\/h3>\n<p>Apolo es el hermano gemelo de Artemisa e hijo de los dioses Zeus y Leto. Es el dios de los atletas, la adivinaci\u00f3n y la m\u00fasica. En cuanto a sus relaciones sentimentales, Apolo se ha negado en repetidas ocasiones a contraer matrimonio, pero tiene numerosos amantes, tantos hombres como mujeres. Durante su juventud, Apolo fue un joven impulsivo que mat\u00f3 a muchas criaturas y tom\u00f3 por la fuerza lo que quiso, como los Templos de Or\u00e1culos de la diosa Gea. Tras recibir una cura de humildad impuesta por Zeus, se volvi\u00f3 un ser comedido y predic\u00f3 la moderaci\u00f3n entre sus seguidores. Sus frases m\u00e1s c\u00e9lebres son \u201cNada en demas\u00eda\u201d y \u201cCon\u00f3cete a ti mismo\u201d.<\/p>\n<p>Aunque muy parecidos f\u00edsicamente, Apolo es claramente superior en dones a su hermana (por no hablar de su superioridad moral), y quiz\u00e1s la prueba m\u00e1s palpable de ello es que es capaz de volar a pesar de no poseer alas, poder que su hermana nunca ha desarrollado. Sin duda, el objeto que mejor define a Apolo es su arco m\u00e1gico hecho de oro confeccionado por Hefesto. Otro de sus s\u00edmbolos predilectos es el Sol, con el que tiene una conexi\u00f3n especial y del que se ayuda para ver todo lo que ocurre durante el d\u00eda en la tierra.<\/p>\n<h3>Descripci\u00f3n de Apolo<\/h3>\n<p>Guapo, esbelto y atl\u00e9tico, Apolo aparenta entre 16 y 18 a\u00f1os. Tiene los ojos como el cielo despejado y sus cabellos ensortijados son del color del oro. Sus facciones son perfectas y proporcionadas hasta establecer el canon de belleza masculina. Apolo acostumbra a ir desnudo (costumbre entre los atletas de la H\u00e9lade) o como mucho con una capa abierta o un calz\u00f3n. Su personalidad es comedida, contemplativa, y sumisa ante los deseos de Zeus. Apolo es un perfeccionista en todo lo que hace, y su nivel de exigencia consigo mismo es casi ilimitado. Aunque a menudo finja desinter\u00e9s por las cosas que pasan a su alrededor, su incre\u00edble ego le hace pensar que todo lo que sucede est\u00e1 relacionado con su persona, y antepone siempre sus necesidades a las de los dem\u00e1s, aunque es suficientemente inteligente como pasa saber que su bienestar personal pasa por tener contento a Zeus en todo momento.<\/p>\n<h3>Seguidores de Apolo<\/h3>\n<p>Los apol\u00edneos (como son conocidos) se caracterizan por su mesura y por llevar una vida dedicada a la perfecci\u00f3n del propio cuerpo. Suelen invertir su tiempo en gimnasios, en practicar la caza o en las artes, pero rara vez tienen un verdadero trabajo. Acostumbran a vestir ropajes que les permitan libertad de movimientos, como armaduras de cuero o lino, siendo habitual encontrarlos desnudos mientras compiten. Su relaci\u00f3n con otras personas acostumbra a ser cordial, aunque comedida, y si bien es cierto que es com\u00fan verlos en eventos sociales, es normal que se retiren pronto a descansar y no cometan excesos. Tienden a ser un tanto soberbios y eg\u00f3latras; la modestia no suele ser su mejor virtud. Los sacerdotes de Apolo, debido a sus m\u00faltiples facetas, han conseguido ganarse algunas de las posiciones m\u00e1s relevantes en los devenires de muchos Estados. Visten t\u00fanicas blancas con capuchas y bordados en oro. Mientras que los sacerdotes comunes se dedican a honrar al dios y a hacer los respectivos rituales de sacrificio antes de celebrar cualquier competici\u00f3n deportiva de envergadura, los or\u00e1culos aconsejan a los hombres, desde comerciantes a reyes, sobre qu\u00e9 elecciones deben tomar en sus vidas. No menor es la influencia de los seguidores de Asclepio (m\u00e9dicos, f\u00edsicos, sanadores), a los que todos los que pueden permit\u00edrselo recurren cuando la vida de sus seres queridos corre peligro. Los sacerdotes de Apolo son libres de casarse y tener familia propia, aunque muchos eligen seguir el ejemplo de su dios y permanecer solteros de por vida, alternando a sus amantes de ambos sexos.<\/p>\n<h4>Atributos t\u00edpicos en los seguidores de Apolo <\/h4>\n<p>Caracter\u00edsticas altas: AGI, APA y SEN | Habilidades: Medicina [Diagn\u00f3stico, Tratamiento], Atletismo [Todas], Armas D [Arco], Intuici\u00f3n [Adivinaci\u00f3n], Artes [Todas], Cosmolog\u00eda [Todas] | Rasgos Sociales: Ep\u00edteto, Influencia.<\/p>\n<h4>Arquetipos comunes en los seguidores de Apolo<\/h4>\n<p><strong>Atletas<\/strong>: hombres j\u00f3venes normalmente de familia noble que han decidido consagrar su vida a la perfecci\u00f3n del cuerpo f\u00edsico. Suelen pasar los d\u00edas entrenando en los gimnasios, y viajan muchos kil\u00f3metros para enfrentarse con sus iguales en las competiciones deportivas que se celebran en distintas ciudades. El mayor honor que puede recibir un atleta es ser designado por su polis para representarla en los Juegos Ol\u00edmpicos.<\/p>\n<p><strong>Tetes<\/strong>: (arqueros de guerra). Hombres libres o nobles que forman una de las divisiones presentes en casi todos los ej\u00e9rcitos de la H\u00e9lade compuestas por filas de arqueros.<\/p>\n<p><strong>Cazadores<\/strong>: hombres que dedican su vida a dar muerte a otras criaturas. A veces para comer su carne, otras para librar el mundo de los monstruos que lo asolan.<\/p>\n<p><strong>Artistas<\/strong>: hombres que han sido bendecidos con el don de la creatividad y cuya misi\u00f3n es traer al mundo la belleza art\u00edstica y el entretenimiento.<\/p>\n<p><strong>Adivinos<\/strong>: aquellos que han sido bendecidos con el don de la profec\u00eda son los intermediarios naturales entre los hombres y los designios de los dioses. Tambi\u00e9n tienen el poder de ver el futuro.<\/p>\n<p><strong>Sanadores:<\/strong> el imperfecto cuerpo de los mortales tiende a estropearse. Los seguidores del dios Asclepio, hijo predilecto de Apolo, han aprendido los misterios del cuerpo humano para retrasar la muerte.<\/p>\n<p><strong>Nobles r\u00fasticos:<\/strong> hombres de alta alcurnia que viven en el campo, alejados de las polis. Suelen dedicar su vida a la caza y a practicar deportes. Viven bajo el amparo del sol y corren a sus casas cuando cae la noche.<\/p><\/div>\n\t\t\t\t<\/div>\n\t\t\t\t<\/div>\n\t\t\t\t\t\t<\/div>\n\t\t\t\t\t<\/div>\n\t\t<\/div>\n\t\t\t\t\t\t\t\t<\/div>\n\t\t\t\t\t<\/div>\n\t\t<\/section>\n\t\t\t\t<section class=\"elementor-section elementor-top-section elementor-element elementor-element-0054869 elementor-section-full_width elementor-section-height-default elementor-section-height-default\" data-id=\"0054869\" data-element_type=\"section\" data-settings=\"{&quot;background_background&quot;:&quot;slideshow&quot;,&quot;background_slideshow_gallery&quot;:[{&quot;id&quot;:1294,&quot;url&quot;:&quot;http:\\\/\\\/aureorpg.com\\\/wp-content\\\/uploads\\\/2022\\\/06\\\/Anadir-un-subtitulo.jpg&quot;}],&quot;background_slideshow_loop&quot;:&quot;yes&quot;,&quot;background_slideshow_slide_duration&quot;:5000,&quot;background_slideshow_slide_transition&quot;:&quot;fade&quot;,&quot;background_slideshow_transition_duration&quot;:500}\">\n\t\t\t\t\t\t<div class=\"elementor-container elementor-column-gap-default\">\n\t\t\t\t\t\t\t<div class=\"elementor-row\">\n\t\t\t\t\t<div class=\"elementor-column elementor-col-33 elementor-top-column elementor-element elementor-element-51f5703\" data-id=\"51f5703\" data-element_type=\"column\">\n\t\t\t<div class=\"elementor-column-wrap elementor-element-populated\">\n\t\t\t\t\t\t\t<div class=\"elementor-widget-wrap\">\n\t\t\t\t\t\t<div class=\"elementor-element elementor-element-1a16ba9 elementor-align-left elementor-widget elementor-widget-button\" data-id=\"1a16ba9\" data-element_type=\"widget\" data-widget_type=\"button.default\">\n\t\t\t\t<div class=\"elementor-widget-container\">\n\t\t\t\t\t<div class=\"elementor-button-wrapper\">\n\t\t\t<a href=\"http:\/\/aureorpg.com\/?page_id=1176\" class=\"elementor-button-link elementor-button elementor-size-sm\" role=\"button\">\n\t\t\t\t\t\t<span class=\"elementor-button-content-wrapper\">\n\t\t\t\t\t\t<span class=\"elementor-button-text\">Accede a nuestra zona gratuita de descargas<\/span>\n\t\t<\/span>\n\t\t\t\t\t<\/a>\n\t\t<\/div>\n\t\t\t\t<\/div>\n\t\t\t\t<\/div>\n\t\t\t\t\t\t<\/div>\n\t\t\t\t\t<\/div>\n\t\t<\/div>\n\t\t\t\t<div class=\"elementor-column elementor-col-66 elementor-top-column elementor-element elementor-element-0bf3228\" data-id=\"0bf3228\" data-element_type=\"column\">\n\t\t\t<div class=\"elementor-column-wrap\">\n\t\t\t\t\t\t\t<div class=\"elementor-widget-wrap\">\n\t\t\t\t\t\t\t\t<\/div>\n\t\t\t\t\t<\/div>\n\t\t<\/div>\n\t\t\t\t\t\t\t\t<\/div>\n\t\t\t\t\t<\/div>\n\t\t<\/section>\n\t\t\t\t\t\t<\/div>\n\t\t\t\t\t\t<\/div>\n\t\t\t\t\t<\/div>\n\t\t","protected":false},"excerpt":{"rendered":"<p>Culto a Apolo: &#8216;El que hiere de lejos&#8217; Historia de Apolo Apolo es el hermano gemelo de Artemisa e hijo de los dioses Zeus y Leto. Es el dios de los atletas, la adivinaci\u00f3n y la m\u00fasica. En cuanto a sus relaciones sentimentales, Apolo se ha negado en repetidas ocasiones a contraer matrimonio, pero tiene &hellip;<\/p>\n<p class=\"read-more\"> <a class=\"\" href=\"http:\/\/aureorpg.com\/?page_id=765\"> <span class=\"screen-reader-text\">Apolo<\/span> Read More &raquo;<\/a><\/p>\n","protected":false},"author":1,"featured_media":0,"parent":0,"menu_order":0,"comment_status":"closed","ping_status":"closed","template":"","meta":[],"yoast_head":"<!-- This site is optimized with the Yoast SEO plugin v15.1.1 - https:\/\/yoast.com\/wordpress\/plugins\/seo\/ -->\n<title>Apolo - aureorpg.com<\/title>\n<meta name=\"robots\" content=\"index, follow, max-snippet:-1, max-image-preview:large, max-video-preview:-1\" \/>\n<link rel=\"canonical\" href=\"http:\/\/aureorpg.com\/?page_id=765\" \/>\n<meta property=\"og:locale\" content=\"en_US\" \/>\n<meta property=\"og:type\" content=\"article\" \/>\n<meta property=\"og:title\" content=\"Apolo - aureorpg.com\" \/>\n<meta property=\"og:description\" content=\"Culto a Apolo: &#8216;El que hiere de lejos&#8217; Historia de Apolo Apolo es el hermano gemelo de Artemisa e hijo de los dioses Zeus y Leto. Es el dios de los atletas, la adivinaci\u00f3n y la m\u00fasica. En cuanto a sus relaciones sentimentales, Apolo se ha negado en repetidas ocasiones a contraer matrimonio, pero tiene &hellip; Apolo Read More &raquo;\" \/>\n<meta property=\"og:url\" content=\"http:\/\/aureorpg.com\/?page_id=765\" \/>\n<meta property=\"og:site_name\" content=\"aureorpg.com\" \/>\n<meta property=\"article:modified_time\" content=\"2022-06-29T17:32:19+00:00\" \/>\n<meta property=\"og:image\" content=\"http:\/\/aureorpg.com\/wp-content\/uploads\/2020\/10\/Aureo-Juego-de-rol-mitologia-griega-Apolo-1024x559.jpg\" \/>\n<meta name=\"twitter:card\" content=\"summary_large_image\" \/>\n<script type=\"application\/ld+json\" class=\"yoast-schema-graph\">{\"@context\":\"https:\/\/schema.org\",\"@graph\":[{\"@type\":\"WebSite\",\"@id\":\"http:\/\/aureorpg.com\/#website\",\"url\":\"http:\/\/aureorpg.com\/\",\"name\":\"aureorpg.com\",\"description\":\"Juego de rol de mitolog\\u00eda\",\"potentialAction\":[{\"@type\":\"SearchAction\",\"target\":\"http:\/\/aureorpg.com\/?s={search_term_string}\",\"query-input\":\"required name=search_term_string\"}],\"inLanguage\":\"en-US\"},{\"@type\":\"ImageObject\",\"@id\":\"http:\/\/aureorpg.com\/?page_id=765#primaryimage\",\"inLanguage\":\"en-US\",\"url\":\"http:\/\/aureorpg.com\/wp-content\/uploads\/2020\/10\/Aureo-Juego-de-rol-mitologia-griega-Apolo.jpg\",\"width\":1100,\"height\":600},{\"@type\":\"WebPage\",\"@id\":\"http:\/\/aureorpg.com\/?page_id=765#webpage\",\"url\":\"http:\/\/aureorpg.com\/?page_id=765\",\"name\":\"Apolo - aureorpg.com\",\"isPartOf\":{\"@id\":\"http:\/\/aureorpg.com\/#website\"},\"primaryImageOfPage\":{\"@id\":\"http:\/\/aureorpg.com\/?page_id=765#primaryimage\"},\"datePublished\":\"2020-10-23T11:47:11+00:00\",\"dateModified\":\"2022-06-29T17:32:19+00:00\",\"inLanguage\":\"en-US\",\"potentialAction\":[{\"@type\":\"ReadAction\",\"target\":[\"http:\/\/aureorpg.com\/?page_id=765\"]}]}]}<\/script>\n<!-- \/ Yoast SEO plugin. -->","_links":{"self":[{"href":"http:\/\/aureorpg.com\/index.php?rest_route=\/wp\/v2\/pages\/765"}],"collection":[{"href":"http:\/\/aureorpg.com\/index.php?rest_route=\/wp\/v2\/pages"}],"about":[{"href":"http:\/\/aureorpg.com\/index.php?rest_route=\/wp\/v2\/types\/page"}],"author":[{"embeddable":true,"href":"http:\/\/aureorpg.com\/index.php?rest_route=\/wp\/v2\/users\/1"}],"replies":[{"embeddable":true,"href":"http:\/\/aureorpg.com\/index.php?rest_route=%2Fwp%2Fv2%2Fcomments&post=765"}],"version-history":[{"count":9,"href":"http:\/\/aureorpg.com\/index.php?rest_route=\/wp\/v2\/pages\/765\/revisions"}],"predecessor-version":[{"id":1349,"href":"http:\/\/aureorpg.com\/index.php?rest_route=\/wp\/v2\/pages\/765\/revisions\/1349"}],"wp:attachment":[{"href":"http:\/\/aureorpg.com\/index.php?rest_route=%2Fwp%2Fv2%2Fmedia&parent=765"}],"curies":[{"name":"wp","href":"https:\/\/api.w.org\/{rel}","templated":true}]}}