{"id":790,"date":"2020-10-23T14:52:35","date_gmt":"2020-10-23T14:52:35","guid":{"rendered":"http:\/\/aureorpg.com\/?page_id=790"},"modified":"2022-06-29T17:34:56","modified_gmt":"2022-06-29T17:34:56","slug":"dioniso","status":"publish","type":"page","link":"http:\/\/aureorpg.com\/?page_id=790","title":{"rendered":"Dioniso"},"content":{"rendered":"\t\t<div data-elementor-type=\"wp-page\" data-elementor-id=\"790\" class=\"elementor elementor-790\" data-elementor-settings=\"[]\">\n\t\t\t\t\t\t<div class=\"elementor-inner\">\n\t\t\t\t\t\t\t<div class=\"elementor-section-wrap\">\n\t\t\t\t\t\t\t<section class=\"elementor-section elementor-top-section elementor-element elementor-element-b7bfdad elementor-section-boxed elementor-section-height-default elementor-section-height-default\" data-id=\"b7bfdad\" data-element_type=\"section\" data-settings=\"{&quot;background_background&quot;:&quot;gradient&quot;}\">\n\t\t\t\t\t\t<div class=\"elementor-container elementor-column-gap-default\">\n\t\t\t\t\t\t\t<div class=\"elementor-row\">\n\t\t\t\t\t<div class=\"elementor-column elementor-col-100 elementor-top-column elementor-element elementor-element-5a7b29f\" data-id=\"5a7b29f\" data-element_type=\"column\">\n\t\t\t<div class=\"elementor-column-wrap elementor-element-populated\">\n\t\t\t\t\t\t\t<div class=\"elementor-widget-wrap\">\n\t\t\t\t\t\t<div class=\"elementor-element elementor-element-68b8dc6 elementor-widget elementor-widget-image\" data-id=\"68b8dc6\" data-element_type=\"widget\" data-widget_type=\"image.default\">\n\t\t\t\t<div class=\"elementor-widget-container\">\n\t\t\t\t\t<div class=\"elementor-image\">\n\t\t\t\t\t\t\t\t\t\t<img width=\"1024\" height=\"559\" src=\"http:\/\/aureorpg.com\/wp-content\/uploads\/2020\/10\/Aureo-Juego-de-rol-mitologia-griega-Dioniso-1024x559.jpg\" class=\"attachment-large size-large\" alt=\"\" loading=\"lazy\" srcset=\"http:\/\/aureorpg.com\/wp-content\/uploads\/2020\/10\/Aureo-Juego-de-rol-mitologia-griega-Dioniso-1024x559.jpg 1024w, http:\/\/aureorpg.com\/wp-content\/uploads\/2020\/10\/Aureo-Juego-de-rol-mitologia-griega-Dioniso-300x164.jpg 300w, http:\/\/aureorpg.com\/wp-content\/uploads\/2020\/10\/Aureo-Juego-de-rol-mitologia-griega-Dioniso-768x419.jpg 768w, http:\/\/aureorpg.com\/wp-content\/uploads\/2020\/10\/Aureo-Juego-de-rol-mitologia-griega-Dioniso.jpg 1100w\" sizes=\"(max-width: 1024px) 100vw, 1024px\" \/>\t\t\t\t\t\t\t\t\t\t\t<\/div>\n\t\t\t\t<\/div>\n\t\t\t\t<\/div>\n\t\t\t\t\t\t<\/div>\n\t\t\t\t\t<\/div>\n\t\t<\/div>\n\t\t\t\t\t\t\t\t<\/div>\n\t\t\t\t\t<\/div>\n\t\t<\/section>\n\t\t\t\t<section class=\"elementor-section elementor-top-section elementor-element elementor-element-bf0ad6b elementor-section-boxed elementor-section-height-default elementor-section-height-default\" data-id=\"bf0ad6b\" data-element_type=\"section\">\n\t\t\t\t\t\t<div class=\"elementor-container elementor-column-gap-default\">\n\t\t\t\t\t\t\t<div class=\"elementor-row\">\n\t\t\t\t\t<div class=\"elementor-column elementor-col-100 elementor-top-column elementor-element elementor-element-2c76aed\" data-id=\"2c76aed\" data-element_type=\"column\">\n\t\t\t<div class=\"elementor-column-wrap elementor-element-populated\">\n\t\t\t\t\t\t\t<div class=\"elementor-widget-wrap\">\n\t\t\t\t\t\t<div class=\"elementor-element elementor-element-5efffb9 elementor-widget elementor-widget-heading\" data-id=\"5efffb9\" data-element_type=\"widget\" data-widget_type=\"heading.default\">\n\t\t\t\t<div class=\"elementor-widget-container\">\n\t\t\t<h2 class=\"elementor-heading-title elementor-size-default\">Culto a Dioniso: 'El dos veces nacido'<\/h2>\t\t<\/div>\n\t\t\t\t<\/div>\n\t\t\t\t\t\t<\/div>\n\t\t\t\t\t<\/div>\n\t\t<\/div>\n\t\t\t\t\t\t\t\t<\/div>\n\t\t\t\t\t<\/div>\n\t\t<\/section>\n\t\t\t\t<section class=\"elementor-section elementor-top-section elementor-element elementor-element-084aaed elementor-section-boxed elementor-section-height-default elementor-section-height-default\" data-id=\"084aaed\" data-element_type=\"section\">\n\t\t\t\t\t\t<div class=\"elementor-container elementor-column-gap-default\">\n\t\t\t\t\t\t\t<div class=\"elementor-row\">\n\t\t\t\t\t<div class=\"elementor-column elementor-col-100 elementor-top-column elementor-element elementor-element-e7c6917\" data-id=\"e7c6917\" data-element_type=\"column\">\n\t\t\t<div class=\"elementor-column-wrap elementor-element-populated\">\n\t\t\t\t\t\t\t<div class=\"elementor-widget-wrap\">\n\t\t\t\t\t\t<div class=\"elementor-element elementor-element-3ee7d1a elementor-widget elementor-widget-text-editor\" data-id=\"3ee7d1a\" data-element_type=\"widget\" data-widget_type=\"text-editor.default\">\n\t\t\t\t<div class=\"elementor-widget-container\">\n\t\t\t\t\t<div class=\"elementor-text-editor elementor-clearfix\"><h3>Historia de Dioniso<\/h3><p>Dios del vino, el frenes\u00ed, el teatro y la locura, Dioniso es hijo de la mortal S\u00e9mele y el dios Ol\u00edmpico Zeus, por lo que naci\u00f3 siendo un h\u00e9roe, aunque debido a las peculiaridades de sus dos alumbramientos, desde ni\u00f1o tuvo poderes que superaron con mucho a la de los semidioses normales. Debido a una treta maquinada por Hera, S\u00e9mele, estando embarazada de seis meses de Dioniso, le pidi\u00f3 a su amante Zeus que le manifestara todo su poder. La mortal no pudo soportal tal visi\u00f3n, y qued\u00f3 fulminada, dejando el feto del nonato en el suelo. Zeus pidi\u00f3 a Hermes que lo cosiera a su muslo, y tras algunos meses de gestaci\u00f3n, volvi\u00f3 a nacer como un semidi\u00f3s. Zeus elabor\u00f3 muchas tretas para librarlo de la c\u00f3lera de Hera, tales como disfrazarlo de ni\u00f1a y d\u00e1rselo a una familia real para que lo cuidara como si fuera su hija, o convertirlo en cabra y d\u00e1rselo a ninfas que viv\u00edan fuera de la H\u00e9lade para que lo protegiesen, pero no pudo evitar que Hera finalmente lo volviera loco y le hiciera andar errante por el mundo. Cuando Rea lo cur\u00f3 de su locura, se decidi\u00f3 a mostrar que era digno heredero de su padre, y tras inventar el vino, consigui\u00f3 formar un ej\u00e9rcito formado por guerreros, sacerdotisas y s\u00e1tiros que conquist\u00f3 Asia entera. No importaba cuantas bajas sufriera entre sus filas, pues debido a sus poderes de convicci\u00f3n y seduci\u00e9ndolos con el vino, lograba reclutar un nuevo ej\u00e9rcito cada d\u00eda. Impuso su culto y sus rituales en toda la H\u00e9lade, y aquellos reyes que osaron negarse a que sus s\u00fabditos o sus hijas participasen en las org\u00edas que celebraba, eran castigados con la locura. Finalmente, tras haber mostrado su poder a los mortales, ascendi\u00f3 al Olimpo como uno de los grandes dioses, no sin antes rescatar a su madre del Inframundo.<\/p><p>Sus s\u00edmbolos son, como plantas, la vid de vino, su ant\u00f3nimo la hiedra venenosa, y el mirto, cuyos seguidores utilizan como tocado en forma de corona. Sus animales son la cabra (en la que fue convertido por Zeus para que pasara desapercibido a los ojos de Hera), pero tambi\u00e9n el tigre y la serpiente, debido a su conquista de la India. El arma predilecta de sus seguidores es el tirso: una estaca entretejida con hiedra y rematada con una pi\u00f1a de pino.<\/p><h3>Descripci\u00f3n de Dioniso<\/h3><p>Dioniso aparenta ser un joven imberbe algo regordete y de rostro desencajado por el exceso de vino, y puede aparentar ser extremadamente bello o terrible a su antojo. Tiene el pelo y los ojos casta\u00f1os y es bajito. Viste \u00fanicamente una capa (permaneciendo semidesnudo) y como tocado lleva una corona de mirto. Tiene una personalidad exc\u00e9ntrica que raya la locura, aunque es muy locuaz y persuasivo. Es bastante afeminado y sus principales aficiones son la bebida y el sexo.<\/p><h3>Seguidores de Dioniso<\/h3><p>Los dionisiacos se caracterizan principalmente por su gran s\u00e9quito, ya que acostumbran a llevar siempre consigo multitud de seguidores cuya suma de habilidades va desde poder preparar un espect\u00e1culo circense a una comida para muchos comensales, pasando por el asalto a una aldea. De tal forma, es com\u00fan que cualquier seguidor de Dioniso que se precie lleve un buen n\u00famero de prostitutas, artistas y guerreros entre aquellos que le acompa\u00f1an a cualquier lugar. Tambi\u00e9n son reconocibles por su gusto por el lujo y los adornos orientales (mucho m\u00e1s recargados que la habitual sobriedad de los adornos de la H\u00e9lade), y suelen vestir de p\u00farpura (el color m\u00e1s caro, debido a que su pigmentaci\u00f3n es extremadamente dif\u00edcil de conseguir).<\/p><p>Los seguidores de Dioniso son extremadamente sociables, hasta el punto de que algunas personas los consideran demasiado pesados, ya que se esfuerzan con todo su ser por caerles bien a todo el mundo. El mayor insulto que un dionisiaco puede recibir es no ser invitado a una fiesta. La mayor deshonra, que celebre una fiesta a la que no acuda nadie o en la que la gente no se divierta.<\/p><p>Los sacerdotes de Dioniso son los encargados de conducir a los humanos al desenfreno y descontrol, tan necesario para poder saborear la vida. Van vestidos con extravagantes t\u00fanicas p\u00farpuras y rematadas con lazos de muchos colores. Desde su punto de vista, la locura puede corromper la vida y el alma de cualquier persona; por ello, hay que dejarla salir de vez en cuando y poco a poco, utilizando el vino como catalizador y las org\u00edas como forma de apaciguarla de una forma \u201ccontrolada\u201d.<\/p><h5>Atributos t\u00edpicos en los seguidores de Dioniso<\/h5><p>Caracter\u00edsticas altas: COM, ALM, RES | Habilidades habituales: Liderazgo [Todos], Oratoria [Ret\u00f3rica], Herbolaria [Agricultura], Teolog\u00eda [Rituales], Dureza [Inmunidad], Artes [Teatro], Seducci\u00f3n [Todos] | Rasgos Sociales: Seguidores, Monedas.<\/p><h5>Arquetipos comunes en los seguidores de Dioniso<\/h5><p><strong>Curetes<\/strong>: Son hombres nobles que veneran a los dioses arcanos del mismo nombre. Famosos por ser grandes guerreros y ritualistas, utilizan un particular estilo de combate entremezclado con la danza y la lucha.<\/p><p><strong>M\u00e9nades<\/strong>: Son mujeres libres que ejercen como ritualistas de Dioniso. Suelen formar parte del s\u00e9quito de los servidores del dios del vino, y realizan diversas funciones entre sus grupos, tales como entretener con sus danzas y bailes, cuidar de los heridos y hacerles compa\u00f1\u00eda durante las largas noches.<\/p><p><strong>M\u00edsticos<\/strong>: hombres y mujeres libres que tienen un gran n\u00famero de seguidores. Suelen oficiar rituales y su palabra es considerada sagrada entre aquellos que han decidido elegirlos como l\u00edderes espirituales.<\/p><p><strong>Vinicultor<\/strong>: desde el noble que posee la tierra, al esclavo que la trabaja, pasando por los hombres y mujeres libres que lo venden, la vida de muchas personas gira sobre el pr\u00f3spero negocio del vino.<\/p><p><strong>Dramaturgos<\/strong>: personas que se dedican a plasmar la realidad de su tiempo en obras de teatro, a trav\u00e9s de las haza\u00f1as de los h\u00e9roes y las aventuras de los dioses.<\/p><p><strong>Artistas<\/strong>: personas que han decidido consagrar su vida a las artes que le son agradables a Dioniso, como la danza, la m\u00fasica y el teatro.<\/p><p>\u00a0<strong>Juerguista<\/strong>: hombres nobles con suficiente dinero para dedicar toda su existencia a disfrutar de los placeres mundanos, como el sexo y el vino.<\/p><\/div>\n\t\t\t\t<\/div>\n\t\t\t\t<\/div>\n\t\t\t\t\t\t<\/div>\n\t\t\t\t\t<\/div>\n\t\t<\/div>\n\t\t\t\t\t\t\t\t<\/div>\n\t\t\t\t\t<\/div>\n\t\t<\/section>\n\t\t\t\t<section class=\"elementor-section elementor-top-section elementor-element elementor-element-a8869e5 elementor-section-full_width elementor-section-height-default elementor-section-height-default\" data-id=\"a8869e5\" data-element_type=\"section\" data-settings=\"{&quot;background_background&quot;:&quot;slideshow&quot;,&quot;background_slideshow_gallery&quot;:[{&quot;id&quot;:1294,&quot;url&quot;:&quot;http:\\\/\\\/aureorpg.com\\\/wp-content\\\/uploads\\\/2022\\\/06\\\/Anadir-un-subtitulo.jpg&quot;}],&quot;background_slideshow_loop&quot;:&quot;yes&quot;,&quot;background_slideshow_slide_duration&quot;:5000,&quot;background_slideshow_slide_transition&quot;:&quot;fade&quot;,&quot;background_slideshow_transition_duration&quot;:500}\">\n\t\t\t\t\t\t<div class=\"elementor-container elementor-column-gap-default\">\n\t\t\t\t\t\t\t<div class=\"elementor-row\">\n\t\t\t\t\t<div class=\"elementor-column elementor-col-33 elementor-top-column elementor-element elementor-element-53d0482\" data-id=\"53d0482\" data-element_type=\"column\">\n\t\t\t<div class=\"elementor-column-wrap elementor-element-populated\">\n\t\t\t\t\t\t\t<div class=\"elementor-widget-wrap\">\n\t\t\t\t\t\t<div class=\"elementor-element elementor-element-8458b0f elementor-align-left elementor-widget elementor-widget-button\" data-id=\"8458b0f\" data-element_type=\"widget\" data-widget_type=\"button.default\">\n\t\t\t\t<div class=\"elementor-widget-container\">\n\t\t\t\t\t<div class=\"elementor-button-wrapper\">\n\t\t\t<a href=\"http:\/\/aureorpg.com\/?page_id=1176\" class=\"elementor-button-link elementor-button elementor-size-sm\" role=\"button\">\n\t\t\t\t\t\t<span class=\"elementor-button-content-wrapper\">\n\t\t\t\t\t\t<span class=\"elementor-button-text\">Accede a nuestra zona gratuita de descargas<\/span>\n\t\t<\/span>\n\t\t\t\t\t<\/a>\n\t\t<\/div>\n\t\t\t\t<\/div>\n\t\t\t\t<\/div>\n\t\t\t\t\t\t<\/div>\n\t\t\t\t\t<\/div>\n\t\t<\/div>\n\t\t\t\t<div class=\"elementor-column elementor-col-66 elementor-top-column elementor-element elementor-element-9138a48\" data-id=\"9138a48\" data-element_type=\"column\">\n\t\t\t<div class=\"elementor-column-wrap\">\n\t\t\t\t\t\t\t<div class=\"elementor-widget-wrap\">\n\t\t\t\t\t\t\t\t<\/div>\n\t\t\t\t\t<\/div>\n\t\t<\/div>\n\t\t\t\t\t\t\t\t<\/div>\n\t\t\t\t\t<\/div>\n\t\t<\/section>\n\t\t\t\t\t\t<\/div>\n\t\t\t\t\t\t<\/div>\n\t\t\t\t\t<\/div>\n\t\t","protected":false},"excerpt":{"rendered":"<p>Culto a Dioniso: &#8216;El dos veces nacido&#8217; Historia de Dioniso Dios del vino, el frenes\u00ed, el teatro y la locura, Dioniso es hijo de la mortal S\u00e9mele y el dios Ol\u00edmpico Zeus, por lo que naci\u00f3 siendo un h\u00e9roe, aunque debido a las peculiaridades de sus dos alumbramientos, desde ni\u00f1o tuvo poderes que superaron con &hellip;<\/p>\n<p class=\"read-more\"> <a class=\"\" href=\"http:\/\/aureorpg.com\/?page_id=790\"> <span class=\"screen-reader-text\">Dioniso<\/span> Read More &raquo;<\/a><\/p>\n","protected":false},"author":1,"featured_media":0,"parent":0,"menu_order":0,"comment_status":"closed","ping_status":"closed","template":"","meta":[],"yoast_head":"<!-- This site is optimized with the Yoast SEO plugin v15.1.1 - https:\/\/yoast.com\/wordpress\/plugins\/seo\/ -->\n<title>Dioniso - aureorpg.com<\/title>\n<meta name=\"robots\" content=\"index, follow, max-snippet:-1, max-image-preview:large, max-video-preview:-1\" \/>\n<link rel=\"canonical\" href=\"http:\/\/aureorpg.com\/?page_id=790\" \/>\n<meta property=\"og:locale\" content=\"en_US\" \/>\n<meta property=\"og:type\" content=\"article\" \/>\n<meta property=\"og:title\" content=\"Dioniso - aureorpg.com\" \/>\n<meta property=\"og:description\" content=\"Culto a Dioniso: &#8216;El dos veces nacido&#8217; Historia de Dioniso Dios del vino, el frenes\u00ed, el teatro y la locura, Dioniso es hijo de la mortal S\u00e9mele y el dios Ol\u00edmpico Zeus, por lo que naci\u00f3 siendo un h\u00e9roe, aunque debido a las peculiaridades de sus dos alumbramientos, desde ni\u00f1o tuvo poderes que superaron con &hellip; Dioniso Read More &raquo;\" \/>\n<meta property=\"og:url\" content=\"http:\/\/aureorpg.com\/?page_id=790\" \/>\n<meta property=\"og:site_name\" content=\"aureorpg.com\" \/>\n<meta property=\"article:modified_time\" content=\"2022-06-29T17:34:56+00:00\" \/>\n<meta property=\"og:image\" content=\"http:\/\/aureorpg.com\/wp-content\/uploads\/2020\/10\/Aureo-Juego-de-rol-mitologia-griega-Dioniso-1024x559.jpg\" \/>\n<meta name=\"twitter:card\" content=\"summary_large_image\" \/>\n<script type=\"application\/ld+json\" class=\"yoast-schema-graph\">{\"@context\":\"https:\/\/schema.org\",\"@graph\":[{\"@type\":\"WebSite\",\"@id\":\"http:\/\/aureorpg.com\/#website\",\"url\":\"http:\/\/aureorpg.com\/\",\"name\":\"aureorpg.com\",\"description\":\"Juego de rol de mitolog\\u00eda\",\"potentialAction\":[{\"@type\":\"SearchAction\",\"target\":\"http:\/\/aureorpg.com\/?s={search_term_string}\",\"query-input\":\"required name=search_term_string\"}],\"inLanguage\":\"en-US\"},{\"@type\":\"ImageObject\",\"@id\":\"http:\/\/aureorpg.com\/?page_id=790#primaryimage\",\"inLanguage\":\"en-US\",\"url\":\"http:\/\/aureorpg.com\/wp-content\/uploads\/2020\/10\/Aureo-Juego-de-rol-mitologia-griega-Dioniso.jpg\",\"width\":1100,\"height\":600},{\"@type\":\"WebPage\",\"@id\":\"http:\/\/aureorpg.com\/?page_id=790#webpage\",\"url\":\"http:\/\/aureorpg.com\/?page_id=790\",\"name\":\"Dioniso - aureorpg.com\",\"isPartOf\":{\"@id\":\"http:\/\/aureorpg.com\/#website\"},\"primaryImageOfPage\":{\"@id\":\"http:\/\/aureorpg.com\/?page_id=790#primaryimage\"},\"datePublished\":\"2020-10-23T14:52:35+00:00\",\"dateModified\":\"2022-06-29T17:34:56+00:00\",\"inLanguage\":\"en-US\",\"potentialAction\":[{\"@type\":\"ReadAction\",\"target\":[\"http:\/\/aureorpg.com\/?page_id=790\"]}]}]}<\/script>\n<!-- \/ Yoast SEO plugin. -->","_links":{"self":[{"href":"http:\/\/aureorpg.com\/index.php?rest_route=\/wp\/v2\/pages\/790"}],"collection":[{"href":"http:\/\/aureorpg.com\/index.php?rest_route=\/wp\/v2\/pages"}],"about":[{"href":"http:\/\/aureorpg.com\/index.php?rest_route=\/wp\/v2\/types\/page"}],"author":[{"embeddable":true,"href":"http:\/\/aureorpg.com\/index.php?rest_route=\/wp\/v2\/users\/1"}],"replies":[{"embeddable":true,"href":"http:\/\/aureorpg.com\/index.php?rest_route=%2Fwp%2Fv2%2Fcomments&post=790"}],"version-history":[{"count":9,"href":"http:\/\/aureorpg.com\/index.php?rest_route=\/wp\/v2\/pages\/790\/revisions"}],"predecessor-version":[{"id":1358,"href":"http:\/\/aureorpg.com\/index.php?rest_route=\/wp\/v2\/pages\/790\/revisions\/1358"}],"wp:attachment":[{"href":"http:\/\/aureorpg.com\/index.php?rest_route=%2Fwp%2Fv2%2Fmedia&parent=790"}],"curies":[{"name":"wp","href":"https:\/\/api.w.org\/{rel}","templated":true}]}}