{"id":827,"date":"2020-10-24T21:52:22","date_gmt":"2020-10-24T21:52:22","guid":{"rendered":"http:\/\/aureorpg.com\/?page_id=827"},"modified":"2022-06-29T17:46:55","modified_gmt":"2022-06-29T17:46:55","slug":"poseidon","status":"publish","type":"page","link":"http:\/\/aureorpg.com\/?page_id=827","title":{"rendered":"Poseid\u00f3n"},"content":{"rendered":"\t\t<div data-elementor-type=\"wp-page\" data-elementor-id=\"827\" class=\"elementor elementor-827\" data-elementor-settings=\"[]\">\n\t\t\t\t\t\t<div class=\"elementor-inner\">\n\t\t\t\t\t\t\t<div class=\"elementor-section-wrap\">\n\t\t\t\t\t\t\t<section class=\"elementor-section elementor-top-section elementor-element elementor-element-b7bfdad elementor-section-boxed elementor-section-height-default elementor-section-height-default\" data-id=\"b7bfdad\" data-element_type=\"section\" data-settings=\"{&quot;background_background&quot;:&quot;gradient&quot;}\">\n\t\t\t\t\t\t<div class=\"elementor-container elementor-column-gap-default\">\n\t\t\t\t\t\t\t<div class=\"elementor-row\">\n\t\t\t\t\t<div class=\"elementor-column elementor-col-100 elementor-top-column elementor-element elementor-element-5a7b29f\" data-id=\"5a7b29f\" data-element_type=\"column\">\n\t\t\t<div class=\"elementor-column-wrap elementor-element-populated\">\n\t\t\t\t\t\t\t<div class=\"elementor-widget-wrap\">\n\t\t\t\t\t\t<div class=\"elementor-element elementor-element-68b8dc6 elementor-widget elementor-widget-image\" data-id=\"68b8dc6\" data-element_type=\"widget\" data-widget_type=\"image.default\">\n\t\t\t\t<div class=\"elementor-widget-container\">\n\t\t\t\t\t<div class=\"elementor-image\">\n\t\t\t\t\t\t\t\t\t\t<img width=\"1024\" height=\"559\" src=\"http:\/\/aureorpg.com\/wp-content\/uploads\/2020\/10\/Aureo-Juego-de-rol-mitologia-griega-Poseidon-1024x559.jpg\" class=\"attachment-large size-large\" alt=\"\" loading=\"lazy\" srcset=\"http:\/\/aureorpg.com\/wp-content\/uploads\/2020\/10\/Aureo-Juego-de-rol-mitologia-griega-Poseidon-1024x559.jpg 1024w, http:\/\/aureorpg.com\/wp-content\/uploads\/2020\/10\/Aureo-Juego-de-rol-mitologia-griega-Poseidon-300x164.jpg 300w, http:\/\/aureorpg.com\/wp-content\/uploads\/2020\/10\/Aureo-Juego-de-rol-mitologia-griega-Poseidon-768x419.jpg 768w, http:\/\/aureorpg.com\/wp-content\/uploads\/2020\/10\/Aureo-Juego-de-rol-mitologia-griega-Poseidon.jpg 1100w\" sizes=\"(max-width: 1024px) 100vw, 1024px\" \/>\t\t\t\t\t\t\t\t\t\t\t<\/div>\n\t\t\t\t<\/div>\n\t\t\t\t<\/div>\n\t\t\t\t\t\t<\/div>\n\t\t\t\t\t<\/div>\n\t\t<\/div>\n\t\t\t\t\t\t\t\t<\/div>\n\t\t\t\t\t<\/div>\n\t\t<\/section>\n\t\t\t\t<section class=\"elementor-section elementor-top-section elementor-element elementor-element-bf0ad6b elementor-section-boxed elementor-section-height-default elementor-section-height-default\" data-id=\"bf0ad6b\" data-element_type=\"section\">\n\t\t\t\t\t\t<div class=\"elementor-container elementor-column-gap-default\">\n\t\t\t\t\t\t\t<div class=\"elementor-row\">\n\t\t\t\t\t<div class=\"elementor-column elementor-col-100 elementor-top-column elementor-element elementor-element-2c76aed\" data-id=\"2c76aed\" data-element_type=\"column\">\n\t\t\t<div class=\"elementor-column-wrap elementor-element-populated\">\n\t\t\t\t\t\t\t<div class=\"elementor-widget-wrap\">\n\t\t\t\t\t\t<div class=\"elementor-element elementor-element-5efffb9 elementor-widget elementor-widget-heading\" data-id=\"5efffb9\" data-element_type=\"widget\" data-widget_type=\"heading.default\">\n\t\t\t\t<div class=\"elementor-widget-container\">\n\t\t\t<h2 class=\"elementor-heading-title elementor-size-default\">Culto a Poseid\u00f3n: 'El se\u00f1or del mar'<\/h2>\t\t<\/div>\n\t\t\t\t<\/div>\n\t\t\t\t\t\t<\/div>\n\t\t\t\t\t<\/div>\n\t\t<\/div>\n\t\t\t\t\t\t\t\t<\/div>\n\t\t\t\t\t<\/div>\n\t\t<\/section>\n\t\t\t\t<section class=\"elementor-section elementor-top-section elementor-element elementor-element-084aaed elementor-section-boxed elementor-section-height-default elementor-section-height-default\" data-id=\"084aaed\" data-element_type=\"section\">\n\t\t\t\t\t\t<div class=\"elementor-container elementor-column-gap-default\">\n\t\t\t\t\t\t\t<div class=\"elementor-row\">\n\t\t\t\t\t<div class=\"elementor-column elementor-col-100 elementor-top-column elementor-element elementor-element-e7c6917\" data-id=\"e7c6917\" data-element_type=\"column\">\n\t\t\t<div class=\"elementor-column-wrap elementor-element-populated\">\n\t\t\t\t\t\t\t<div class=\"elementor-widget-wrap\">\n\t\t\t\t\t\t<div class=\"elementor-element elementor-element-3ee7d1a elementor-widget elementor-widget-text-editor\" data-id=\"3ee7d1a\" data-element_type=\"widget\" data-widget_type=\"text-editor.default\">\n\t\t\t\t<div class=\"elementor-widget-container\">\n\t\t\t\t\t<div class=\"elementor-text-editor elementor-clearfix\"><h3>Historia de Poseid\u00f3n<\/h3>\n<p>Poseid\u00f3n es el hermano mediano de Hades y Zeus, tambi\u00e9n hijo de Cronos y Rea. Es el se\u00f1or del mar, de los caballos y de los terremotos. Su reino tambi\u00e9n abarca los r\u00edos, los oc\u00e9anos, los lagos y las fuentes. Aunque su reino es muy extenso y muchas islas est\u00e1n bajo su protecci\u00f3n, Poseid\u00f3n ha reclamado multitud de territorios en tierra firme, la mayor\u00eda de las veces, sin mucha fortuna. El ejemplo m\u00e1s famoso fue cuando perdi\u00f3 la protecci\u00f3n del \u00c1tica, Atenas inclusive, contra la diosa Atenea. Una vez que obtuvo control de todos los mares se fusion\u00f3 con ellos, de tal forma que \u00e9l mismo est\u00e1 hecho de agua (puede transmutar su cuerpo en carne si lo desea) y todo el agua de los oc\u00e9anos tiene parte de su propia esencia.<\/p>\n<p>Poseid\u00f3n tiene una esposa leg\u00edtima, llamada Anfitrite, a la que le fue infiel con multitud de diosas, mortales y ninfas. Su progenie es numerosa, y entre ella se cuenta numerosos h\u00e9roes y dioses, a la par que monstruos. El se\u00f1or del mar posee un trono en el Olimpo, el segundo m\u00e1s grande, construido en m\u00e1rmol verde y gris con listones blancos, rematado con unos reposabrazos esculpidos con formas de criaturas marinas y decorado con coral, oro y madreperla. Sin embargo, pasa la mayor parte del tiempo en un palacio en el fondo del Oc\u00e9ano, creado con coral, oro y piedras preciosas. Suele ir armado con su tridente, con el que puede abrir los mares, hundir los barcos y crear terremotos, y montado en su carruaje, del cual tiran dos hipocampos, con el que surca las aguas a su antojo. Sus s\u00edmbolos son su tridente, los caballos, y en general, cualquier cosa que pueda asociarse con el mar, como las perlas, el coral, las algas y las criaturas marinas.<\/p>\n<h3>Descripci\u00f3n de Poseid\u00f3n<\/h3>\n<p>F\u00edsicamente aparenta tener 30 a\u00f1os. M\u00fasculos definidos, tiene barba oscura y pelo ensortijado, tambi\u00e9n oscuro. Viste t\u00fanica y corona de oro y coral. Siempre va acompa\u00f1ado de su tridente. Al estar literalmente fusionado con el mar, Poseid\u00f3n suele aparecerse a los mortales en acantilados o sobre el lecho marino como una criatura Tit\u00e1nica de 20 metros de altura con un cuerpo hecho de agua trasl\u00facida, y el pelo compuesto de algas marinas.<\/p>\n<p>Igual en dignidad a Zeus, pero no en poder\u00edo, Poseid\u00f3n es de naturaleza \u00e1spera y combativa. Goza de una gran inteligencia pero, sobre todo, lo que mejor le caracteriza es lo voluble que resulta su humor: cuando est\u00e1 de buenas, asegura pac\u00edficas traves\u00edas a los que surcan sus mares; proporciona abundante pescado a los humanos; hace crecer nuevas islas, y env\u00eda a algunos de sus seguidores m\u00e1s inteligentes a ayudar a los n\u00e1ufragos, como los delfines o las nereidas. Pero cuando est\u00e1 de malas, hunde barcos, invoca terribles tormentas, manda a sus criaturas m\u00e1s fieras a destrozar rutas comerciales, promueve terremotos, maremotos y otras cat\u00e1strofes naturales, inunda algunas zonas y seca los r\u00edos de otras\u2026 nada parece suficiente para saciar su ira.<\/p>\n<h3>Seguidores de Poseid\u00f3n<\/h3>\n<p>En la H\u00e9lade son muchos los que viven y mueren a diario bajo el signo de Poseid\u00f3n. Sus seguidores se caracterizan por vivir el d\u00eda a d\u00eda: nunca saben cu\u00e1ndo van a perecer bajo las aguas, as\u00ed que tratan de saborear cada momento como si fuera el \u00faltimo. Al igual que su dios suelen ser orgullosos y no rendir demasiadas cuentas al resto de los habitantes del Olimpo: al fin de al cabo, pasan la mayor parte del tiempo en alta mar, y all\u00ed la \u00fanica ley que impera es la de Poseid\u00f3n.<\/p>\n<p>En cuanto a su trato con otras personas, tienden a ser dictatoriales cuando se encuentran en su medio (nada es m\u00e1s peligroso en esta vida que un mot\u00edn a bordo de un barco, o la anarqu\u00eda derivada de las personas que no est\u00e1n dispuestos a hacer su parte de trabajo en el perfecto engranaje de una nave). Una vez en tierra firme, son amantes de la lujuria, el juego, el vino, y poco amigos de la autoridad que tratan de imponerle los guardianes seguidores de Atenea.<\/p>\n<p>Los sacerdotes de Poseid\u00f3n, que visten t\u00fanicas azul oscuro y llevan adornos mar\u00edtimos, como el coral o las perlas, son los due\u00f1os y se\u00f1ores de los puertos. Nadie puede embarcarse sin su benepl\u00e1cito, y suelen ser muy estrictos y escrupulosos a la hora de hacer respetar las reglas de su se\u00f1or como, por ejemplo, que nadie puede embarcarse sin haber hecho los sacrificios pertinentes.<\/p>\n<h5>Atributos t\u00edpicos en los seguidores de Poseid\u00f3n <\/h5>\n<p>Caracter\u00edsticas altas: MEN, ALM, SEN | Habilidades: Oceanolog\u00eda [Todas], Cosmolog\u00eda [Climatolog\u00eda, Astronom\u00eda], Atletismo [Nadar], Zoolog\u00eda [Equitaci\u00f3n, Trato], Liderazgo [Civil, Militar], Idiomas [Egipcio, Cartagin\u00e9s], Oratoria [Comercio] | Rasgos sociales: Ep\u00edteto, Seguidores.<\/p>\n<h5>Arquetipos comunes en los seguidores de Poseid\u00f3n<\/h5>\n<p><strong>Marineros<\/strong>: Personas de todo estrato social que dedican su vida al mar. Para ellos la libertad est\u00e1 simbolizada por navegar a lo largo y ancho del reino de Poseid\u00f3n.<\/p><p><strong>Comerciantes mar\u00edtimos<\/strong>: Hombres l\u00edberos o nobles que se ganan la vida comprando productos en pa\u00edses y vendi\u00e9ndolos en otros que est\u00e1n al otro lado del mar, consiguiendo grandes beneficios por ello.<\/p><p><strong>Remeros<\/strong>: hombre fuertes (normalmente esclavos, pero en algunos casos estos puestos pueden ser copados por hombres libres o incluso nobles en embarcaciones de guerra) que manejan los remos de un barco para alcanzar mayor velocidad.<\/p><p><strong>Piratas<\/strong>: los ladrones del mar suelen abordar barcos de comerciantes (a menudo abusando de las leyes de hospitalidad entre marineros) y robarles todo lo que poseen.<\/p><p><strong>Lobos de mar<\/strong>: navegantes experimentados que, tras dedicar toda una vida al mar, han conseguido hacerse con un barco y una tripulaci\u00f3n a la altura de las circunstancias.<\/p><p><strong>Aurigas<\/strong>: expertos corredores de caballos, en tiempos de paz tienen una vida de deportistas de \u00e9lite, llena de fama y dinero. En la guerra, sus carros de combate suelen resultar decisivos para la victoria. La equipaci\u00f3n es tan cara que suelen ser nobles de gran poder adquisitivo, aunque algunos libertos y esclavos corren patrocinados por familias de ciudadanos.<\/p><p><strong>Guardianes del puerto<\/strong>: Desde esclavos al servicio de los templos de Poseid\u00f3n, a libertos y nobles que ejercen esta posici\u00f3n por dinero o posici\u00f3n social, son la guardia encargada de que ning\u00fan barco zarpe sin la aprobaci\u00f3n de los sacerdotes del dios del mar.<\/p><\/div>\n\t\t\t\t<\/div>\n\t\t\t\t<\/div>\n\t\t\t\t\t\t<\/div>\n\t\t\t\t\t<\/div>\n\t\t<\/div>\n\t\t\t\t\t\t\t\t<\/div>\n\t\t\t\t\t<\/div>\n\t\t<\/section>\n\t\t\t\t<section class=\"elementor-section elementor-top-section elementor-element elementor-element-b2a1fa3 elementor-section-full_width elementor-section-height-default elementor-section-height-default\" data-id=\"b2a1fa3\" data-element_type=\"section\" data-settings=\"{&quot;background_background&quot;:&quot;slideshow&quot;,&quot;background_slideshow_gallery&quot;:[{&quot;id&quot;:1294,&quot;url&quot;:&quot;http:\\\/\\\/aureorpg.com\\\/wp-content\\\/uploads\\\/2022\\\/06\\\/Anadir-un-subtitulo.jpg&quot;}],&quot;background_slideshow_loop&quot;:&quot;yes&quot;,&quot;background_slideshow_slide_duration&quot;:5000,&quot;background_slideshow_slide_transition&quot;:&quot;fade&quot;,&quot;background_slideshow_transition_duration&quot;:500}\">\n\t\t\t\t\t\t<div class=\"elementor-container elementor-column-gap-default\">\n\t\t\t\t\t\t\t<div class=\"elementor-row\">\n\t\t\t\t\t<div class=\"elementor-column elementor-col-33 elementor-top-column elementor-element elementor-element-15e15a6\" data-id=\"15e15a6\" data-element_type=\"column\">\n\t\t\t<div class=\"elementor-column-wrap elementor-element-populated\">\n\t\t\t\t\t\t\t<div class=\"elementor-widget-wrap\">\n\t\t\t\t\t\t<div class=\"elementor-element elementor-element-c131c0c elementor-align-left elementor-widget elementor-widget-button\" data-id=\"c131c0c\" data-element_type=\"widget\" data-widget_type=\"button.default\">\n\t\t\t\t<div class=\"elementor-widget-container\">\n\t\t\t\t\t<div class=\"elementor-button-wrapper\">\n\t\t\t<a href=\"http:\/\/aureorpg.com\/?page_id=1176\" class=\"elementor-button-link elementor-button elementor-size-sm\" role=\"button\">\n\t\t\t\t\t\t<span class=\"elementor-button-content-wrapper\">\n\t\t\t\t\t\t<span class=\"elementor-button-text\">Accede a nuestra zona gratuita de descargas<\/span>\n\t\t<\/span>\n\t\t\t\t\t<\/a>\n\t\t<\/div>\n\t\t\t\t<\/div>\n\t\t\t\t<\/div>\n\t\t\t\t\t\t<\/div>\n\t\t\t\t\t<\/div>\n\t\t<\/div>\n\t\t\t\t<div class=\"elementor-column elementor-col-66 elementor-top-column elementor-element elementor-element-f7043e4\" data-id=\"f7043e4\" data-element_type=\"column\">\n\t\t\t<div class=\"elementor-column-wrap\">\n\t\t\t\t\t\t\t<div class=\"elementor-widget-wrap\">\n\t\t\t\t\t\t\t\t<\/div>\n\t\t\t\t\t<\/div>\n\t\t<\/div>\n\t\t\t\t\t\t\t\t<\/div>\n\t\t\t\t\t<\/div>\n\t\t<\/section>\n\t\t\t\t\t\t<\/div>\n\t\t\t\t\t\t<\/div>\n\t\t\t\t\t<\/div>\n\t\t","protected":false},"excerpt":{"rendered":"<p>Culto a Poseid\u00f3n: &#8216;El se\u00f1or del mar&#8217; Historia de Poseid\u00f3n Poseid\u00f3n es el hermano mediano de Hades y Zeus, tambi\u00e9n hijo de Cronos y Rea. Es el se\u00f1or del mar, de los caballos y de los terremotos. Su reino tambi\u00e9n abarca los r\u00edos, los oc\u00e9anos, los lagos y las fuentes. Aunque su reino es muy &hellip;<\/p>\n<p class=\"read-more\"> <a class=\"\" href=\"http:\/\/aureorpg.com\/?page_id=827\"> <span class=\"screen-reader-text\">Poseid\u00f3n<\/span> Read More &raquo;<\/a><\/p>\n","protected":false},"author":1,"featured_media":0,"parent":0,"menu_order":0,"comment_status":"closed","ping_status":"closed","template":"","meta":[],"yoast_head":"<!-- This site is optimized with the Yoast SEO plugin v15.1.1 - https:\/\/yoast.com\/wordpress\/plugins\/seo\/ -->\n<title>Poseid\u00f3n - aureorpg.com<\/title>\n<meta name=\"robots\" content=\"index, follow, max-snippet:-1, max-image-preview:large, max-video-preview:-1\" \/>\n<link rel=\"canonical\" href=\"http:\/\/aureorpg.com\/?page_id=827\" \/>\n<meta property=\"og:locale\" content=\"en_US\" \/>\n<meta property=\"og:type\" content=\"article\" \/>\n<meta property=\"og:title\" content=\"Poseid\u00f3n - aureorpg.com\" \/>\n<meta property=\"og:description\" content=\"Culto a Poseid\u00f3n: &#8216;El se\u00f1or del mar&#8217; Historia de Poseid\u00f3n Poseid\u00f3n es el hermano mediano de Hades y Zeus, tambi\u00e9n hijo de Cronos y Rea. Es el se\u00f1or del mar, de los caballos y de los terremotos. Su reino tambi\u00e9n abarca los r\u00edos, los oc\u00e9anos, los lagos y las fuentes. Aunque su reino es muy &hellip; Poseid\u00f3n Read More &raquo;\" \/>\n<meta property=\"og:url\" content=\"http:\/\/aureorpg.com\/?page_id=827\" \/>\n<meta property=\"og:site_name\" content=\"aureorpg.com\" \/>\n<meta property=\"article:modified_time\" content=\"2022-06-29T17:46:55+00:00\" \/>\n<meta property=\"og:image\" content=\"http:\/\/aureorpg.com\/wp-content\/uploads\/2020\/10\/Aureo-Juego-de-rol-mitologia-griega-Poseidon-1024x559.jpg\" \/>\n<meta name=\"twitter:card\" content=\"summary_large_image\" \/>\n<script type=\"application\/ld+json\" class=\"yoast-schema-graph\">{\"@context\":\"https:\/\/schema.org\",\"@graph\":[{\"@type\":\"WebSite\",\"@id\":\"http:\/\/aureorpg.com\/#website\",\"url\":\"http:\/\/aureorpg.com\/\",\"name\":\"aureorpg.com\",\"description\":\"Juego de rol de mitolog\\u00eda\",\"potentialAction\":[{\"@type\":\"SearchAction\",\"target\":\"http:\/\/aureorpg.com\/?s={search_term_string}\",\"query-input\":\"required name=search_term_string\"}],\"inLanguage\":\"en-US\"},{\"@type\":\"ImageObject\",\"@id\":\"http:\/\/aureorpg.com\/?page_id=827#primaryimage\",\"inLanguage\":\"en-US\",\"url\":\"http:\/\/aureorpg.com\/wp-content\/uploads\/2020\/10\/Aureo-Juego-de-rol-mitologia-griega-Poseidon.jpg\",\"width\":1100,\"height\":600},{\"@type\":\"WebPage\",\"@id\":\"http:\/\/aureorpg.com\/?page_id=827#webpage\",\"url\":\"http:\/\/aureorpg.com\/?page_id=827\",\"name\":\"Poseid\\u00f3n - aureorpg.com\",\"isPartOf\":{\"@id\":\"http:\/\/aureorpg.com\/#website\"},\"primaryImageOfPage\":{\"@id\":\"http:\/\/aureorpg.com\/?page_id=827#primaryimage\"},\"datePublished\":\"2020-10-24T21:52:22+00:00\",\"dateModified\":\"2022-06-29T17:46:55+00:00\",\"inLanguage\":\"en-US\",\"potentialAction\":[{\"@type\":\"ReadAction\",\"target\":[\"http:\/\/aureorpg.com\/?page_id=827\"]}]}]}<\/script>\n<!-- \/ Yoast SEO plugin. -->","_links":{"self":[{"href":"http:\/\/aureorpg.com\/index.php?rest_route=\/wp\/v2\/pages\/827"}],"collection":[{"href":"http:\/\/aureorpg.com\/index.php?rest_route=\/wp\/v2\/pages"}],"about":[{"href":"http:\/\/aureorpg.com\/index.php?rest_route=\/wp\/v2\/types\/page"}],"author":[{"embeddable":true,"href":"http:\/\/aureorpg.com\/index.php?rest_route=\/wp\/v2\/users\/1"}],"replies":[{"embeddable":true,"href":"http:\/\/aureorpg.com\/index.php?rest_route=%2Fwp%2Fv2%2Fcomments&post=827"}],"version-history":[{"count":8,"href":"http:\/\/aureorpg.com\/index.php?rest_route=\/wp\/v2\/pages\/827\/revisions"}],"predecessor-version":[{"id":1391,"href":"http:\/\/aureorpg.com\/index.php?rest_route=\/wp\/v2\/pages\/827\/revisions\/1391"}],"wp:attachment":[{"href":"http:\/\/aureorpg.com\/index.php?rest_route=%2Fwp%2Fv2%2Fmedia&parent=827"}],"curies":[{"name":"wp","href":"https:\/\/api.w.org\/{rel}","templated":true}]}}